he units digit of q?
9
Let q be (6 - 0)*(-17)/((-510)/25). Suppose 0 = 1987*b - 1992*b + q. What is the units digit of b?
1
Suppose -4*f - 151 = y + 55, -2*y - 451 = -5*f. What is the tens digit of y*(25/(-10) + 1)?
2
Let z be 4/(-12) + 19/3. Suppose -p = 2*k - 40, 0 = -2*k + z*k + 3*p - 84. Suppose k*m - 460 = 13*m. What is the tens digit of m?
9
Let u = 21050 - 10942. What is the hundreds digit of u?
1
Let d(a) = 94*a + 193*a**2 + 47*a + 12 - 125*a. What is the hundreds digit of d(-3)?
7
Let m be (7 - -1) + -9 + 13. Suppose -3*z + 15 = -3*r, -3*z - 3*r = -m - 3. Suppose 0*y - 3*k - 515 = -4*y, 0 = -3*y - z*k + 408. What is the tens digit of y?
3
Suppose -1146 = -i + 5*d, 4525 = 4*i + 5*d - 109. Let p = -556 + i. What is the hundreds digit of p?
6
Suppose -2*s - 2*m = -94, m = -3 + 2. Suppose 20 = -s*o + 52*o. Suppose o*d - 2*d - 530 = -4*i, 0 = -2*d - 2*i + 354. What is the units digit of d?
8
What is the ten thousands digit of -5 + (7961*2 - 115/23)?
1
Suppose -92 = -2*p - 0*p. Let q(l) = l**2 - 2*l + 29. Let k be q(-17). Suppose -k = -3*o - p. What is the units digit of o?
2
Suppose -2*s - 5*f = -f - 24, -3*s + f = -8. Suppose -26*l - 2584 = -29*l - s*u, -2582 = -3*l - 2*u. What is the units digit of l?
0
Let i(j) = 10*j - 3. Let w(a) = -7*a + 2. Let h(t) = -5*i(t) - 7*w(t). Let n be h(11). What is the hundreds digit of ((-292)/n)/(-4 + 21/5)?
1
Suppose 2*m = 4*m - 6. Suppose -919 + 109 = -m*b. What is the hundreds digit of b?
2
Let r be -35 + (-17)/(136/16). Suppose 0 = -n + 4*n - 276. Let g = r + n. What is the units digit of g?
5
Let q(t) = 10*t**2 + 3*t - 50. Let j be q(7). Let i = 921 - j. What is the units digit of i?
0
What is the tens digit of ((-276)/69)/((-1)/1461)?
4
Let v(f) = 3*f**2 + 16*f + 46. Let q be v(-7). Suppose 11*d - 271 = q. What is the tens digit of d?
3
What is the thousands digit of (-5 - 266/(-42))*199026/8?
3
Let c be 6*8/12*(-1)/(-1). Suppose c*a = -4*s, -3*a - 6 = -a. Suppose -240 = -5*n + 5*p, 0 = -2*n + 2*p + s*p + 111. What is the tens digit of n?
4
Let t be (33/4 - (-1)/(-4))*-109. Let o = t - -549. Let q = -226 - o. What is the tens digit of q?
9
Let c(d) = -d - 3. Let m be c(-4). Suppose -23*w + 18*w = -15. What is the units digit of w + 1 + (6 - m)?
9
Let c(r) be the second derivative of -r**5/20 + 7*r**4/6 - r**3/6 + 19*r - 1. What is the tens digit of c(11)?
5
Let o be 11 - ((-5)/4 + (-6)/(-24)). Suppose 0 = 15*c - o*c - 6. Let r(i) = 20*i**2 - 2*i - 1. What is the tens digit of r(c)?
7
Suppose 3*h + 1 = 13. Suppose 3*f - 12 = 0, -4*f + 17 - 1 = h*j. Suppose -7*n + 297 + 207 = j. What is the tens digit of n?
7
Suppose -2*m - 24 + 0 = 0. Let v be 0*-2*3/m. Suppose 2*h + 170 = 4*x, v = -x + 5*x + h - 167. What is the units digit of x?
2
Suppose 2*j = j + 4. Let w = 510 + -418. Suppose j*v = w + 712. What is the units digit of v?
1
Let c(y) be the third derivative of -65*y**4/24 + y**3/6 - 363*y**2. Suppose -2*g - 22 = 5*u, -2*g - 2*u = 7 + 3. What is the units digit of c(g)?
6
Suppose 0 = h + 5 - 7. Suppose 0 = h*y + 2 - 4. What is the units digit of 1*4/y*-1*-8?
2
Let j = -242 - -206. What is the thousands digit of (j - -39)*(-890)/(-2)?
1
Suppose -48*w + 97740 = -44*w - 4*q, -2*w + 48868 = -4*q. What is the hundreds digit of w?
4
Let x(m) = 15*m + 2. Let p be x(3). Suppose -q = -f - 6*q + 71, 2*q = 4*f - 306. Let g = p + f. What is the units digit of g?
3
Let c = -2247 + 27564. What is the thousands digit of c?
5
Suppose -193292 = -44*a + 112376. What is the thousands digit of a?
6
What is the hundreds digit of 1293*1*(94 + -89)?
4
Let d(i) = 937*i + 10. Let x be d(3). Suppose 0 = -4*v + 20, 0 = 6*n - 10*n - 5*v + x. What is the hundreds digit of n?
6
Let m(h) be the third derivative of h**6/360 - h**5/20 - 5*h**4/24 - 5*h**3/6 - h**2. Let j(i) be the first derivative of m(i). What is the tens digit of j(-5)?
5
What is the hundreds digit of (-182 - -191)/(6/(-4)) - 3*-6323?
9
Let d(c) = 6083*c + 19. Let g be d(-1). What is the tens digit of g/(-20)*1 - (-18)/(-15)?
0
Let s = 10998 + -103. What is the ten thousands digit of s?
1
Let m = 2 - -2. Suppose -m*a = 2*a - 30. What is the hundreds digit of ((-500)/a)/(-2*2/4)?
1
Let c(b) = 5*b**2 - 26*b + 192. Let x be c(9). Let f = 384 + x. What is the tens digit of f?
4
What is the thousands digit of 92/207 - 75515/(-9)?
8
Suppose t = 5*y + 5330 + 6176, 3*y + 11512 = t. What is the thousands digit of t?
1
Suppose 2*p + 0*h = -4*h + 12044, -p = -h - 6025. Suppose 5*k + p = 11*k. What is the units digit of k?
4
Suppose -2*l - m + 4*m = 0, -5*l + 22 = -2*m. Let x(f) = 6 - 87*f**2 - 101*f**2 + 2*f - 90*f**2 + 285*f**2. What is the hundreds digit of x(l)?
2
Suppose -5*c - 230 = -5*s + 1600, 0 = -4*c - 4. Suppose 5*n + 0*n - s = 0. Suppose -6*q = -7*q + n. What is the tens digit of q?
7
Let a be (-292)/100 + 2/(-25). What is the tens digit of a/(403/(-794) - 7/(-14))?
9
Let n(t) = -35*t**3 - 3*t**2 + 8*t - 9. Let p be n(2). Let o = p - -660. What is the hundreds digit of o?
3
Let j = 18 + -20. Let f(v) = v**3 + v**2 - 2*v + 1. Let s be f(j). Suppose 0*h = -h + s. What is the units digit of h?
1
Suppose -4*t + 1020 = -4*h, 522 = -8*h + 6*h - 2*t. What is the units digit of (-194317)/h + (-10)/(-12)?
4
Suppose 3*f = 5*f + 30. Let y be (-40)/f*(-2 - 1). What is the tens digit of ((-110)/y)/(3/12)?
5
Let m = -86 + 102. Suppose -m*g + 9980 = -14*g. Suppose g = 15*o + 1405. What is the tens digit of o?
3
Let o(f) be the second derivative of 0 + 17/2*f**2 + 17*f - 11/6*f**3. What is the tens digit of o(-14)?
7
Let y(j) = -280*j**3 - j. Let z be y(-1). Let k = z + 414. What is the tens digit of k?
9
Suppose d - 6*d - 16270 = -5*t, 3*t + d - 9778 = 0. Suppose 3*j = 1575 + t. What is the hundreds digit of j?
6
Let v(m) = m**3 + 19*m**2 + 34*m + 49. Let i be v(-14). Let x = i - -406. What is the units digit of x?
9
Let i be 3 + -3 + -2 + -1. Suppose 4*z + 4*g + 56 = 0, -4*g - 24 = -4. What is the units digit of 1 + (1 - i - z)?
4
Let f = 12 + -4. Suppose -f*x - 104 = -10*x. Suppose -x + 346 = 7*w. What is the tens digit of w?
4
Let x be 9384/(-357) + 26 - (536/(-14) + -1). Let h(z) = 17*z**2 + 4*z + 3. Let o be h(4). Suppose o = 2*j + x. What is the tens digit of j?
2
Suppose -3*r + 3*x + 21 = -4*r, -3*r + 4*x - 76 = 0. Let w be 352/r*(-15)/2. Suppose -35 - w = -b + 4*f, 419 = 3*b + 4*f. What is the tens digit of b?
4
Let y(v) = 3*v + 226. Suppose 2*z = 3*z + 5*l - 28, z = 2*l. What is the hundreds digit of y(z)?
2
Suppose -8*t + 4*r = -4*t + 56, 0 = 5*t - 3*r + 62. Let k be (8/t)/((-1)/15). Suppose 0 = k*f - 9*f - 612. What is the hundreds digit of f?
2
What is the units digit of (168028/10)/((-6)/(-15))?
7
Let l(b) = -3812*b - 56. What is the units digit of l(-5)?
4
Suppose -270*d + 278*d + 3224 = 0. Let y = 31 - d. What is the tens digit of y?
3
Suppose 5*y + 9966 = 11*y. Suppose -4*o - 3*x = -409 - 911, -5*o + y = x. What is the tens digit of o?
3
Let v = 22157 - 11391. What is the tens digit of v?
6
Suppose 12 = 2*x + 2*t, 0 = 2*x - 6*t + 9*t - 16. What is the hundreds digit of (1 - x)*(9 - (219 + 4))?
2
Suppose -40*h = 2*h - 10376520. What is the hundreds digit of h/275 + 4/(-10)?
8
Suppose -g = 4*g - 5, -k = -3*g - 10. What is the tens digit of (-24)/4 - (-79 - k)?
8
Suppose -6*u = -u - 4*d - 252, 0 = 2*u + 3*d - 87. Let f = -6286 - -6392. Let q = f - u. What is the units digit of q?
8
Suppose 0 = 9*m - 59*m + 410300. What is the hundreds digit of m?
2
Let d be (-124)/5 + (29/5 - 6). Let h(p) = -22*p - 309. What is the tens digit of h(d)?
4
Let q be (270/(-12))/15*16/(-6). Suppose -q*h - 1502 = -5*k, 5*k + 3*h - 744 = 772. What is the tens digit of k?
0
Let z = 175 + -224. Let o = z - -775. What is the tens digit of o?
2
Let u be (-1)/(-4) - (-1341)/(-36). Let v be 412/28 - (-4)/14. What is the units digit of 3*(-5)/v - u?
6
Suppose i = -n + 6*n - 15, -4*n + 3 = i. Suppose 4*w = 16, 5*l = 8*l - n*w - 163. Suppose l - 276 = -y. What is the tens digit of y?
1
Suppose 0 = r - 4*v - 7378, -2*r + 22785 = 3*v + 8106. What is the units digit of r?
0
Let w(v) = 256*v**2 + 65*v + 323. What is the units digit of w(-8)?
7
What is the units digit of (-35 - (-2 + (4 - 1)))/((-72)/55728)?
4
Let t(q) be the second derivative of q**6/144 - q**5/60 - 19*q**4/12 + q. Let s(k) be t